True
Is 543614 prime?
False
Is 6073 a composite number?
False
Is 12829 a composite number?
False
Is 31957 a prime number?
True
Is 29031 a prime number?
False
Is 21269 prime?
True
Is 43277 prime?
False
Is 587 composite?
False
Is 9589 a prime number?
False
Is 9109 prime?
True
Is 4187 prime?
False
Is 61859 a prime number?
False
Is 176255 a prime number?
False
Is 13569 composite?
True
Is 7313 composite?
True
Is 62533 prime?
True
Is 68041 composite?
False
Is 157 a prime number?
True
Is 1558867 prime?
True
Is 2506097 a composite number?
True
Is 19367 a prime number?
False
Is 12731 a composite number?
True
Is 2084531 a prime number?
True
Is 64613 a composite number?
False
Is 114157 a prime number?
True
Is 183569 a prime number?
True
Is 146213 prime?
True
Is 541 composite?
False
Is 84143 a composite number?
False
Is 154051 prime?
False
Is 115417 composite?
True
Is 907 prime?
True
Is 345533 a composite number?
False
Is 147179 a prime number?
True
Is 115529 a composite number?
True
Is 18137 prime?
False
Is 43773 a composite number?
True
Is 205 a composite number?
True
Is 54437 composite?
False
Is 45161 composite?
False
Is 2088599 composite?
False
Is 5435 prime?
False
Is 679 prime?
False
Is 23143 prime?
True
Is 21433 a composite number?
False
Is 134601 prime?
False
Is 53 a composite number?
False
Is 1630873 prime?
False
Is 75503 prime?
True
Is 12841 a composite number?
False
Is 185021 prime?
True
Is 8489 a prime number?
False
Is 1693 prime?
True
Is 58961 composite?
True
Is 4201 composite?
False
Is 313073 prime?
False
Is 1681501 prime?
True
Is 181 a composite number?
False
Is 413781 prime?
False
Is 1908581 a composite number?
False
Is 221393 a composite number?
False
Is 16573 composite?
False
Is 82247 prime?
False
Is 1193 composite?
False
Is 201599 a composite number?
False
Is 20089 a prime number?
True
Is 818 a prime number?
False
Is 977 a prime number?
True
Is 58657 a composite number?
False
Is 116695 composite?
True
Is 36899 prime?
True
Is 2581 prime?
False
Is 242147 composite?
False
Is 456549 a composite number?
True
Is 31067 composite?
True
Is 40881 a prime number?
False
Is 80747 a composite number?
False
Is 988849 prime?
True
Is 3343 prime?
True
Is 16217 composite?
False
Is 10663 composite?
False
Is 751549 a composite number?
False
Is 6245 a composite number?
True
Is 1313402 prime?
False
Is 7402 prime?
False
Is 423509 a prime number?
True
Is 91727 prime?
False
Is 22501 a prime number?
True
Is 204101 a composite number?
False
Is 41351 prime?
True
Is 75791 prime?
False
Is 62851 composite?
False
Is 17059 a prime number?
False
Is 19739 composite?
False
Is 38629 a composite number?
False
Is 499978 a composite number?
True
Is 1234279 a prime number?
False
Is 1751083 prime?
True
Is 2481639 prime?
False
Is 573 prime?
False
Is 216121 a composite number?
True
Is 910757 a prime number?
False
Is 534343 a composite number?
True
Is 1169 prime?
False
Is 3203 a prime number?
True
Is 217421 a composite number?
False
Is 285421 composite?
False
Is 14095 prime?
False
Is 109997 composite?
True
Is 106813 a composite number?
True
Is 227299 a composite number?
False
Is 734 prime?
False
Is 2957 a prime number?
True
Is 797933 a composite number?
False
Is 228967 composite?
True
Is 106087 a prime number?
True
Is 587 a composite number?
False
Is 194933 a composite number?
False
Is 253 a composite number?
True
Is 95461 prime?
True
Is 7135 a prime number?
False
Is 106549 a prime number?
False
Is 13963 a composite number?
False
Is 2259581 composite?
False
Is 21005 a prime number?
False
Is 73345 a composite number?
True
Is 16837 prime?
False
Is 324319 a prime number?
True
Is 2371 a composite number?
False
Is 442171 a prime number?
True
Is 27443 a prime number?
False
Is 331 a composite number?
False
Is 378601 a prime number?
True
Is 6103 prime?
False
Is 2066201 a composite number?
False
Is 1153681 prime?
True
Is 40277 a prime number?
True
Is 47621 a prime number?
False
Is 35099 prime?
True
Is 672377 composite?
False
Is 633569 composite?
False
Is 39451 prime?
True
Is 408881 a composite number?
True
Is 1907 a composite number?
False
Is 7621 a prime number?
True
Is 1531 a composite number?
False
Is 40431 composite?
True
Is 13283 a prime number?
False
Is 9107 prime?
False
Is 9413 composite?
False
Is 1039 composite?
False
Is 131321 composite?
False
Is 6385 a composite number?
True
Is 1777 composite?
False
Is 1517 prime?
False
Is 99602 prime?
False
Is 199879 prime?
False
Is 1264909 a prime number?
True
Is 194227 a prime number?
False
Is 48073 a prime number?
True
Is 68573 a composite number?
True
Is 210901 a prime number?
True
Is 11623 composite?
True
Is 133097 composite?
False
Is 1125211 composite?
True
Is 29683 a prime number?
True
Is 929 a composite number?
False
Is 59663 a composite number?
False
Is 344153 a composite number?
False
Is 674735 prime?
False
Is 6863 composite?
False
Is 163973 a prime number?
True
Is 728461 a prime number?
False
Is 900229 a composite number?
True
Is 4553 a composite number?
True
Is 25523 prime?
True
Is 1081583 a composite number?
False
Is 227353 a prime number?
False
Is 384299 a prime number?
True
Is 542197 prime?
True
Is 31363 prime?
False
Is 1778743 prime?
True
Is 36821 prime?
True
Is 950861 a composite number?
True
Is 169487 prime?
False
Is 7087 composite?
True
Is 2090207 composite?
True
Is 3291 prime?
False
Is 7279 composite?
True
Is 493369 prime?
True
Is 3799 a composite number?
True
Is 5578 a composite number?
True
Is 8161 prime?
True
Is 414571 a composite number?
False
Is 457855 a composite number?
True
Is 14095 prime?
False
Is 152573 a composite number?
True
Is 18077 a prime number?
True
Is 291 prime?
False
Is 11215 composite?
True
Is 2099 a prime number?
True
Is 10427 prime?
True
Is 701331 a composite number?
True
Is 2437 prime?
True
Is 182921 a prime number?
True
Is 1246009 prime?
False
Is 18611 a composite number?
True
Is 54869 a composite number?
False
Is 9791 prime?
True
Is 27733 prime?
True
Is 19171 composite?
True
Is 19673 a composite number?
True
Is 60377 a composite number?
True
Is 174107 a prime number?
False
Is 172262 prime?
False
Is 284041 a prime number?
True
Is 107563 composite?
False
Is 51931 a composite number?
True
Is 2261897 composite?
True
Is 1814 composite?
True
Is 45299 prime?
False
Is 86893 prime?
False
Is 46807 a composite number?
False
Is 21407 a prime number?
True
Is 7033 a prime number?
False
Is 418579 a prime number?
False
Is 35729 a composite number?
False
Is 25274 composite?
True
Is 84157 prime?
False
Is 126931 a composite number?
True
Is 378977 prime?
True
Is 8209 a composite number?
False
Is 803161 prime?
False
Is 321865 a composite number?
True
Is 130241 composite?
False
Is 297581 composite?
False
Is 38501 prime?
True
Is 28961 composite?
False
Is 6638 a composite number?
True
Is 2962751 a prime number?
False
Is 259793 composite?
True
Is 2371763 a composite number?
False
Is 9229 prime?
False
Is 94379 a composite number?
False
Is 140363 prime?
True
Is 2309 prime?
True
Is 9601 composite?
False
Is 37119 a prime number?
False
Is 1319 a composite number?
False
Is 58439 a composite number?
False
Is 296867 a prime number?
False
Is 138055 prime?
False
Is 55563 a prime number?
False
Is 293 composite?
False
Is 443603 prime?
True
Is 76801 a prime number?
True
Is 27941 prime?
True
Is 1259 composite?
False
Is 16331 prime?
False
Is 517277 a composite number?
False
Is 24251 a prime number?
True
Is 7671 a composite number?
True
Is 3756026 prime?
False
Is 3601 a composite number?
True
Is 15959 a composite number?
False
Is 315011 composite?
False
Is 1657 composite?
False
Is 353489 a prime number?
True
Is 13453 a prime number?
False
Is 14441 composite?
True
Is 60751 composite?
True
Is 76367 composite?
False
Is 85889 prime?
True
Is 23011 prime?
True
Is 12319 a prime number?
False
Is 210305 a composite number?
True
Is 191731 composite?
True
Is 491 composite?
False
Is 1546 a composite number?
True
Is 19597 a composite number?
False
Is 4769 composite?
True
Is 25363 a prime number?
False
Is 963685 composite?
True
Is 29101 a prime number?
True
Is 28643 prime?
True
Is 83761 a composite number?
False
Is 723023 prime?
False
Is 18799 a prime number?
False
Is 37549 a composite number?
False
Is 61513 a prime number?
False
Is 650191 a prime num